he thousands digit of p(-6)?
6
Let a(c) = 2*c**2 + 9*c - 1. Let l be a(-5). Suppose -3*n + 28 = -2*z, -3*n - l*z = -2*n + 14. What is the units digit of n/(-18)*(-2 + -1)?
1
Let h = 79499 - 39084. What is the units digit of h?
5
Suppose 8*q = 12 + 20. Let v be (308/6)/(2/6). Suppose -2*x = -q*x + v. What is the units digit of x?
7
Suppose 0 = -48*o - 66 + 18. Let c be ((-268)/5)/(2/(-25)). What is the tens digit of (0 - o/3) + c/6?
1
Suppose -11*z - 26*y = -23*y - 880688, -4*z - 5*y = -320258. What is the ten thousands digit of z?
8
Suppose 7 + 3 = 2*j. Suppose -2*x + m + 8 = -1, 3 = 2*x + j*m. Suppose -5*s + 5 = 0, -x*q + 401 + 401 = 2*s. What is the units digit of q?
0
What is the thousands digit of ((9834/(-4))/(-1))/(13/26)?
4
Suppose -331 = -3*f + 491. Let h = f + -89. What is the tens digit of h?
8
Let z(d) = 20*d**3 + 4*d**2 - 2*d - 1. Let b be z(1). Let m = -17 + b. Suppose m*g = 145 + 295. What is the tens digit of g?
1
Suppose -18*c + 69034 = -11*c. What is the thousands digit of c?
9
Let n = -246 + 259. Suppose -u - d = -278, -d = n*u - 9*u - 1097. What is the units digit of u?
3
Let p(h) = 4*h**2 - 24*h - 2305. What is the thousands digit of p(-40)?
5
Let r(w) = w**3 - 5*w**2 + w - 25. Let c be r(5). Let m = -84 - -137. Let g = m + c. What is the units digit of g?
3
Let z = 17 - -388. Suppose -z = -4*n - c, 0 = 3*n + c - 2*c - 302. Suppose -3*p + n = 2*f, -4*p - 41 = -2*f + 53. What is the tens digit of f?
4
Suppose -1022 - 706 = -3*k. Suppose 0*h = 9*h - k. Suppose h = 3*g - 17. What is the units digit of g?
7
Let k be 12/8*(-16)/(-6). Let v(r) = -7*r**2 + 46*r + 26. Let f be v(7). Suppose 3*a + f*l - 484 = 0, -4*a + 798 = a + k*l. What is the tens digit of a?
5
What is the ten thousands digit of (-7 + (-601850)/70)/((-5)/((-35)/(-2)))?
3
Let w = 615 + -664. Let j = 1026 - w. What is the hundreds digit of j?
0
Let a(k) = 21*k**3 - 4*k**2 + 58*k - 16. What is the hundreds digit of a(5)?
7
Suppose -13*j - 126 = -4*j. Let i be (-922)/j + 3/21. Let h = i - 56. What is the tens digit of h?
1
Suppose -20*c - 4*c = -c - 15203. Suppose t - 59 = -0*t. Suppose 0 = j + 5*s - 285 + t, -2*s = -3*j + c. What is the hundreds digit of j?
2
Let b be (-12)/(-78) - 230/(-26). Suppose z + 2*z = b. Suppose 3*w - 260 - 127 = -g, -z*w = -4*g - 387. What is the tens digit of w?
2
Let r = -3 + 5. Suppose 0 = -s - 4*d + r, -d - 3*d + 26 = 5*s. Suppose -2*o - 84 = -s*o. What is the units digit of o?
1
Let g(b) = -6*b**2 + 10*b + 8. Let i(k) = 3*k**2 - 5*k - 4. Let m(x) = 6*g(x) + 11*i(x). Let l be m(-1). What is the tens digit of 80/(-12)*21*7/l?
4
Let o = 481 + -1641. Let i = -759 - o. What is the tens digit of i?
0
Let o = -36730 - -66318. What is the ten thousands digit of o?
2
Suppose -1112*r - 527584 = -1144*r. What is the units digit of r?
7
Let k(u) = -45*u + 117. Let g(n) = 43*n - 117. Let z(w) = 7*g(w) + 6*k(w). What is the units digit of z(7)?
0
Let v(u) = 10*u - 3. Let j(p) = 8*p + 78. Let t be j(-9). What is the units digit of v(t)?
7
Suppose 5*i - 25 = 0, -7*h - i + 4*i = -72932. What is the tens digit of h?
2
Let v be (-15 - -19) + (2 - 1). Suppose 4 + 21 = v*s. Suppose 2*r - 20 - 44 = 2*q, -5*r = s*q - 160. What is the units digit of r?
2
Suppose -18*g - 14*g + 192199 + 88313 = 0. What is the hundreds digit of g?
7
Let d = 672 + -389. Let v = d - 152. What is the hundreds digit of v?
1
Suppose p - 69496 = -584*n + 579*n, -3*p = -3*n + 41676. What is the tens digit of n?
9
Suppose w + 5 = 0, -5*y - 2*w + 5362 = -216783. What is the thousands digit of y?
4
Let m(c) be the first derivative of 4*c**3/3 - 13*c**2 - 3*c + 112. What is the units digit of m(18)?
5
What is the tens digit of (-4)/3 - 284920/180*(-21)/2?
1
Let o(v) be the third derivative of -185*v**4/8 - 4*v**3/3 - 45*v**2 - v. What is the units digit of o(-1)?
7
Let n(r) = -r**3 - 23*r**2 + 3*r + 4. Let h be n(-22). What is the units digit of (-884436)/h - (-6)/39?
0
Suppose -w + 10659 = y + 3*y, 4*y = 4*w + 10684. What is the tens digit of y?
6
Suppose -12667 = -4*c + 4*a + 9681, 0 = 2*c - 5*a - 11201. What is the units digit of c?
8
Let q(s) be the first derivative of s**4/6 + 6*s**3 + 11*s**2 + 4. Let j(c) be the second derivative of q(c). What is the units digit of j(12)?
4
Let x be (16/6)/((-36125)/(-5160) - 7). Let r = x - 1899. What is the units digit of r?
3
Suppose 122*g - 865062 = -114*g + 218*g. What is the thousands digit of g?
8
Suppose 7 = -i, -326*r + 321*r + 20271 = 2*i. What is the hundreds digit of r?
0
Let v(o) = -2*o**2 + 32*o - 67. Let q be v(14). Let d(w) = -w**3 - 10*w**2 - 14*w - 30. What is the units digit of d(q)?
5
Suppose 18*f - 14*f = 4. Let j be ((48/15)/8)/(f/10). Suppose j*i = 62 + 158. What is the units digit of i?
5
Let c be 202 - 1 - -1*0/(-3). Let x = -10 - -12. Suppose -f = x*f - c. What is the tens digit of f?
6
Let r be (1 + 343/(-2))/(77/308). Let q = -225 - r. What is the hundreds digit of q?
4
Suppose 0 = 4*p + 4*i - 4, -3*p + 12 = -5*i - 7. Suppose 3 = -a - 3*h, -p*a - 24 = -4*h + 37. What is the units digit of a/(-20) - (-101)/4?
6
Let y(x) = 3931*x**2 - 2*x + 2. Let d be y(1). Suppose 17*a - 4025 - d = 0. What is the tens digit of a?
6
Let h(c) = 2*c**3 + 3*c**2 + 2*c - 4. Suppose -3*n = -7*n - 8. Let k(r) = r**3 + 3*r**2 + 2*r - 5. Let g(o) = n*h(o) + 3*k(o). What is the tens digit of g(-4)?
9
Suppose f = 4*r - 250, -4*r + 2*r + 5*f + 134 = 0. Let y = 61 - r. What is the units digit of y - -205 - (-10 - -6)?
8
Suppose 0 = 2*t + f - 17745, 2*f - 6567 = -t + 2307. What is the hundreds digit of t?
8
Let d be 104 - (-1 - -5)*15/(-60). Suppose 101*g - d*g = -216. What is the units digit of g?
4
Suppose 0 = -20*f + 808213 + 69127. What is the hundreds digit of f?
8
Suppose -42 = -2*l + 3*y, 3*y - 22 = -5*l + 104. Let z = 31 - l. Suppose 2*c + 6*w - z*w - 464 = 0, 3*w + 702 = 3*c. What is the tens digit of c?
3
Let t = -22 + 25. Suppose 2*r + 1144 = 4*d + t*r, -2*d = -r - 578. What is the tens digit of d?
8
Suppose 28291 + 35619 = 10*b. Suppose -147*x + 140*x + b = 0. What is the units digit of x?
3
Suppose k + 6*n = n - 2, -2*n - 5 = -k. Let s(t) = -t**2 + 4. Let g be s(k). What is the units digit of 1/5 + (-374)/g?
5
Let j(d) = 1235*d**2 - 4*d + 2. Let c be j(1). Suppose -2*v = b - 455 + 41, 3*b - c = -3*v. What is the hundreds digit of b?
4
Let p = 1237 - 831. Let t = 693 - p. Suppose -4*q - 69 = 3*y - t, 3*q = -5*y + 356. What is the units digit of y?
0
Let l = 512 + -495. Suppose 2240 = -l*a + 27*a. What is the hundreds digit of a?
2
Let x(o) be the second derivative of 5*o**3/6 - 43*o**2/2 + 29*o. Let p be x(9). Suppose 439 = 3*r + g, 2*g + 158 = -r + p*r. What is the tens digit of r?
4
Suppose -i - 4 = -j, -3 = j + 5*i + 5. Suppose -5*m - 3*a = -2300, 2*m = 3*m - j*a - 460. What is the tens digit of m?
6
What is the thousands digit of (-2560626)/(-36) - ((-2)/(-12) + (-38)/57)?
1
Suppose d - 5*t - 7515 = 0, d - 6*d + 37535 = -5*t. What is the thousands digit of d?
7
Let j(m) = -8*m - 22 + 10*m**3 - 3*m - 10*m**3 - m**3 - 4*m**2 - m. What is the hundreds digit of j(-12)?
2
Suppose 74*o - 76*o - 4003 = -3*d, -6680 = -5*d + 5*o. What is the hundreds digit of d?
3
Let y be (-13873)/(-8) + (0 - 5/40). Suppose y - 317 = o. What is the hundreds digit of o?
4
Let y(r) = -r**3 - r**2 - r - 3. Let v be y(0). Let u(c) = -46*c + 51. Let i(j) = -16*j + 13. Let q(f) = 13*i(f) - 3*u(f). What is the tens digit of q(v)?
2
Let k = -71 - -64. Let a(y) = y**3 + 8*y**2 + 6*y - 5. Let l be a(k). Suppose -5*b + l + 4 = t, 5*t - 5*b - 90 = 0. What is the tens digit of t?
1
Let a(j) = -4*j + 23. Suppose -5*c = -2*u - 10 + 29, 26 = -2*u - 4*c. Let f be a(u). What is the units digit of -5 + (f/1 - 2)?
8
Let i(b) = 6*b**3 - 6*b**2 - 6*b + 10. Let r be i(-3). What is the hundreds digit of r*8/(-24)*3?
1
Suppose -43 = -c + 92. Let u = 311 - c. Let s = 359 - u. What is the tens digit of s?
8
What is the thousands digit of (-5418 - 1)*10/(-80)*8?
5
Let v be (1/2)/((-4)/(-32)). Suppose 12*c = v*c + 4440. Suppose -6*f = -11*f + c. What is the tens digit of f?
1
What is the thousands digit of -8 - -2 - -57*(-710)/(-6)?
6
Let y(j) = j**3 + 30*j**2 - 11*j + 3. Let z be y(-22). Suppose 13202 - z = 23*u. What is the units digit of u?
5
Let h be (-655)/(((-14)/2)/7). Let u 